-2*y. What is the greatest common factor of y and 143?
13
Let p = 13 - -9. What is the greatest common divisor of 2 and p?
2
Let v(b) = b**3 + 9*b**2 + 4*b + 9. Let x be v(-7). Let z = -51 + x. Calculate the highest common divisor of z and 7.
7
Let p(i) = -2*i - 1. Suppose 3*g - 2*g = -5*x + 4, -34 = 5*g - 2*x. Let v be p(g). Calculate the highest common divisor of v and 11.
11
Let g(m) = -11*m - 1. Let j be 0 - 4/(16/4). Let d be g(j). Calculate the highest common divisor of 40 and d.
10
Let t be (7/2)/(3/6). Let m(g) = 3*g**2 - 1. Let z be m(t). Let r = z - 90. Calculate the highest common divisor of r and 8.
8
Let k = -3 - -23. Suppose -3*f + 4*g = -6*f + 91, -5*g = -k. Calculate the highest common factor of f and 5.
5
Let b be 2/(-5) + 132/5. Suppose 2*g = 5 + 125. Calculate the highest common factor of b and g.
13
Let z = 3 - 0. Suppose -3*m = 2*m - 10. Suppose -2*o - 3*a + 21 = 0, -3*o + a = -m*o + 2. What is the greatest common factor of o and z?
3
Let w be ((-15)/(-5))/((-2)/(-8)). Let u be 10/1 - w/4. Let h be ((-2)/(-4))/((-2)/(-308)). Calculate the greatest common divisor of u and h.
7
Let m(d) = -d**3 + d**2. Let i be m(1). Suppose 3*b + 2*z - 18 = 0, i = 5*b + 3*z - 2*z - 37. What is the greatest common divisor of b and 16?
8
Let k be 2*2*15/20. What is the highest common factor of 33 and k?
3
Let v be 2 + -1 + 3/1. Let l = 40 - 73. Let o be 2/(-11) - 138/l. Calculate the highest common divisor of o and v.
4
Let i(t) = t - 5. Let m be i(8). Calculate the greatest common factor of m and 27.
3
Let y = -9 + -9. Let h = y + 31. What is the greatest common factor of 26 and h?
13
Let k = 16 + 39. Let c = 14 + -3. Let d = c - 6. What is the highest common divisor of k and d?
5
Let d(g) = 3*g - 1. Let n(h) = 7*h - 3. Let a(m) = 9*d(m) - 4*n(m). Let c be a(3). Suppose c = -z + 2 + 22. Calculate the highest common divisor of z and 16.
8
Let p be (10/(-105)*-7)/((-1)/(-18)). Suppose q = 2*h - 121, q - 116 = -2*h - 3*q. Calculate the greatest common factor of p and h.
12
Let o be (-228)/8 - 6/(-4). Let x be ((-14)/6)/(1/o). What is the highest common factor of x and 7?
7
Let n be ((-65)/(-2))/((-2)/(-4)). What is the greatest common factor of 5 and n?
5
Suppose 0*o = 2*o. Suppose o = -a + 18 + 30. What is the highest common factor of a and 16?
16
Suppose 2*t = -2*x + 30, -x + 4*t = -3 - 17. Suppose 3*s - 6*s + 16 = -j, s - 3*j = 8. Let f = s + -3. What is the highest common divisor of f and x?
2
Suppose 4*r + 4 = 5*p, 3*p + 4 - 28 = -3*r. Suppose 3*x = w - 0*w - 174, -w = r*x - 153. What is the greatest common divisor of 66 and w?
33
Let f = 0 + 0. Suppose -4*c = -2*t - 64, 0 = -2*c - f*t - 5*t + 8. What is the greatest common divisor of c and 112?
14
Suppose m = 7*m - 936. What is the highest common divisor of 52 and m?
52
Let k(l) = -l**3 - 8*l**2 - l - 5. Let j be k(-8). Suppose 2*g = -2*t - 3*g, j*g = 4*t - 52. What is the greatest common factor of 10 and t?
10
Let y = -5 - -22. Let r = -64 - -37. Let j = y - r. Calculate the greatest common divisor of 11 and j.
11
Let c(h) = -h**3 - 5*h**2 + 8*h - 2. Suppose 4*r = 7*r + 21. Let y be c(r). Calculate the highest common factor of 8 and y.
8
Let u be (-214)/(-3) - 4/(-6). Let c be (-13)/(-5) + (-8)/(-20). Suppose -5*p + c*p + 18 = 0. What is the highest common divisor of u and p?
9
Let f be ((-24)/(-42))/(4/14). Suppose 5*w + 2*i = -44, 0*w = f*w - 2*i + 12. Let z = -7 - w. What is the highest common factor of 6 and z?
1
Let d(s) = -s**2 - 9*s - 7. Let t be d(-8). Suppose 0 = -2*n + t + 11. Calculate the highest common divisor of 54 and n.
6
Let v be (-2)/4 + 57/(-6). Suppose 2 = -2*y + 14. Let m be y/(-10) - 76/v. Calculate the greatest common divisor of 28 and m.
7
Let q(u) = -5*u + 1. Let h be q(-5). Suppose z - 13 = -0*z. What is the highest common factor of z and h?
13
Suppose p + 2*m = 6*m + 80, -3*m - 294 = -4*p. Let q = 20 + -12. Suppose q = 3*r - 19. Calculate the greatest common divisor of r and p.
9
Let g be (4/(-3))/(2/9). Let v = 52 - -870. Let f be v/7 + g/(-21). What is the greatest common factor of 12 and f?
12
Let z(m) = 6*m - 2. Let l be z(-2). Let d(v) = -v**3 - 5*v**2 + 6*v. Let t be d(-6). Let x = t - l. Calculate the highest common divisor of x and 140.
14
Let b = -6 + 8. Suppose w + 12 = b*w. Calculate the greatest common factor of w and 48.
12
Suppose 0 = -3*s - 7*x + 2*x - 158, 4*s = x - 203. Let g = s - -150. Suppose -w - 4*z = -3*w + 10, -5*z = -10. Calculate the greatest common factor of w and g.
9
Let s be -1 - (-5 + (3 - 3)). Let z(k) = 6*k**2 + 3. Let b be z(s). What is the highest common factor of b and 9?
9
Let u = -16 - -17. Let d be (1 - (2 - u)) + 45. What is the greatest common factor of d and 9?
9
Let n = -3 + 2. Let q(t) = 10*t**2 - 1. Let x be q(n). Let u = 25 - x. What is the highest common divisor of 4 and u?
4
Suppose -36 = m + 3*i - 0*i, 0 = 5*m - 2*i + 197. Let v = 82 - m. What is the highest common factor of 11 and v?
11
Let w(b) = -5*b + 9. Let r be w(-9). What is the greatest common divisor of r and 9?
9
Suppose 0 = 3*r + 2*r - 350. Suppose 0 = 7*j - 2*j. Suppose -k - 2*f + 10 = j, -3*f = 2*k - 1 - 19. What is the highest common divisor of r and k?
10
Let k be ((-55)/(-22))/((-2)/(-112)). What is the highest common divisor of 20 and k?
20
Let u be (-1)/(((-4)/8)/(10/4)). What is the greatest common divisor of 15 and u?
5
Suppose 5*o = 2*c + 2, c + 0*c - 6 = -o. Let s be (-90)/11 + c/22. Let q be 58/8 + 2/s. What is the highest common factor of 28 and q?
7
Let b(v) be the third derivative of v**6/120 + v**5/60 - v**4/24 + v**3/3 - 4*v**2. Let r be b(0). Calculate the highest common divisor of 4 and r.
2
Let b = 48 - 27. What is the highest common divisor of 84 and b?
21
Let s = 48 + -3. Let x(w) = w**3 + 3*w**2 - 2*w - 3. Let u be x(-2). Calculate the greatest common divisor of u and s.
5
Suppose 0 = -y + 6*y - 105. Calculate the highest common divisor of 105 and y.
21
Let d = 215 + -127. Calculate the highest common factor of d and 11.
11
Let z = 84 - 50. What is the highest common divisor of z and 102?
34
Let q = -12 + 47. Let m be 1872/84 + (-4)/14. Suppose 0 = 4*u - m + 2. What is the highest common factor of q and u?
5
Let s = 9 - 2. Suppose 3*z - 2*b = z + 4, -3*z = -4*b - 8. Suppose z = -0*g + g - 28. Calculate the highest common factor of s and g.
7
Suppose 0 = -2*j + 76 + 24. What is the greatest common factor of j and 25?
25
Let v = 8 + -7. Let h be v/(-4) + 17/4. Suppose 0 = h*l - 2*f - 66, -l - 2*f + 0 = -14. Calculate the greatest common divisor of l and 8.
8
Suppose -2*t - 32 = -3*t. What is the greatest common factor of 80 and t?
16
Suppose 0*f + f = 42. Suppose -5*g + 10 = 5*l, l + 2*l - 2*g - 26 = 0. What is the highest common factor of l and f?
6
Suppose -5*f + 8 = -2*b - 2, 10 = 5*f + 4*b. Suppose -y - 1 = -f*y. Suppose 5*l - 20 = 0, -m - 4*l - 11 = -4*m. What is the greatest common divisor of m and y?
1
Suppose -4*n = -2*c - 18, 4*n + 2*c - 4 = 10. Calculate the greatest common factor of n and 10.
2
Let w be (4/(-6))/(2/(-9)). Suppose w*m - 3 = 2*m. Suppose -4*k + 5 = -m. Calculate the greatest common divisor of k and 5.
1
Suppose 3*b = 8*b - 140. What is the greatest common factor of b and 14?
14
Let o = -9 - -18. Suppose -4*w = 2*l + 22, -2*l + 10 = -3*w + 3*l. Let s = w + o. What is the greatest common factor of 1 and s?
1
Let c(m) = m - 15. Let u be c(16). Calculate the greatest common divisor of 1 and u.
1
Suppose -21 + 309 = 4*n. Let o = 19 + -10. What is the greatest common divisor of o and n?
9
Suppose a + 4*p = 22, -3*p - 19 = -3*a + 77. Let g be -3 - (0 + -3) - -20. Calculate the greatest common divisor of g and a.
10
Let h = 68 - 38. Let x = 3 + -2. Let y be x/((-3)/(-3))*h. What is the greatest common divisor of y and 45?
15
Let m(s) = -s**2 + s + 1. Let d(h) = -98*h**2 - 2*h. Let j(f) = -d(f) - m(f). Let u be j(1). What is the greatest common divisor of u and 9?
9
Let k = 110 - 10. Calculate the greatest common divisor of k and 10.
10
Let w(c) = 7*c - 8. Let b be w(6). Let x be 5/2*(-4)/(-5). Suppose -z = -x - 15. Calculate the greatest common factor of b and z.
17
Let b = -86 + 226. Calculate the highest common divisor of 20 and b.
20
Let s(u) = -43*u + 2. Let h be s(-2). Calculate the greatest common divis